11) to base 7.
1
Convert -18 (base 9) to base 8.
-21
-1 (base 14) to base 5
-1
What is -61 (base 7) in base 4?
-223
What is -1 (base 9) in base 4?
-1
Convert d (base 15) to base 14.
d
What is 28 (base 14) in base 2?
100100
27 (base 11) to base 2
11101
Convert 1 (base 4) to base 6.
1
What is 24 (base 15) in base 13?
28
3 (base 7) to base 10
3
Convert 106 (base 10) to base 12.
8a
19 (base 16) to base 9
27
21 (base 6) to base 14
d
What is -123 (base 4) in base 12?
-23
-1 (base 16) to base 11
-1
Convert -2 (base 15) to base 12.
-2
Convert 1211 (base 3) to base 15.
34
-101101 (base 2) to base 5
-140
What is 1a (base 13) in base 14?
19
What is -87 (base 11) in base 5?
-340
Convert 11 (base 2) to base 11.
3
What is -b (base 12) in base 7?
-14
Convert 11 (base 9) to base 8.
12
-1000 (base 3) to base 12
-23
110011 (base 2) to base 13
3c
-11 (base 10) to base 16
-b
What is -3 (base 11) in base 16?
-3
Convert -6 (base 9) to base 11.
-6
What is -24 (base 11) in base 4?
-122
What is -10 (base 3) in base 16?
-3
Convert 100 (base 5) to base 4.
121
Convert 4 (base 10) to base 9.
4
What is 0 (base 2) in base 7?
0
Convert 1 (base 12) to base 4.
1
What is -b (base 15) in base 11?
-10
Convert -177 (base 14) to base 2.
-100101101
What is -24 (base 7) in base 2?
-10010
Convert 2 (base 11) to base 2.
10
-43 (base 15) to base 6
-143
Convert 4a (base 13) to base 7.
116
Convert 11 (base 6) to base 14.
7
What is -1a (base 14) in base 15?
-19
Convert 1 (base 3) to base 5.
1
3 (base 16) to base 3
10
Convert a7 (base 11) to base 8.
165
Convert -64 (base 7) to base 6.
-114
Convert 11 (base 4) to base 3.
12
What is -e (base 16) in base 12?
-12
-29 (base 10) to base 8
-35
Convert 3 (base 7) to base 10.
3
Convert -137 (base 14) to base 7.
-500
What is -100 (base 2) in base 12?
-4
Convert -2 (base 11) to base 13.
-2
Convert 6b (base 13) to base 2.
1011001
Convert -47 (base 8) to base 12.
-33
What is -2103 (base 4) in base 10?
-147
Convert 1002 (base 3) to base 6.
45
1c (base 13) to base 9
27
352 (base 6) to base 11
118
15 (base 8) to base 4
31
-11 (base 10) to base 14
-b
What is -12 (base 4) in base 11?
-6
Convert -77 (base 11) to base 7.
-150
-2 (base 3) to base 15
-2
What is 2 (base 7) in base 9?
2
-1 (base 14) to base 8
-1
What is -1 (base 9) in base 7?
-1
Convert -1 (base 13) to base 4.
-1
Convert -d (base 16) to base 14.
-d
10131 (base 4) to base 7
555
What is 227 (base 10) in base 4?
3203
10122 (base 3) to base 13
77
1001 (base 2) to base 8
11
Convert -6 (base 13) to base 6.
-10
23 (base 4) to base 5
21
What is 30 (base 16) in base 6?
120
What is 211 (base 6) in base 16?
4f
What is -4 (base 5) in base 3?
-11
What is -15 (base 13) in base 15?
-13
2 (base 12) to base 2
10
What is -9d (base 15) in base 11?
-125
What is 0 (base 3) in base 5?
0
What is 525 (base 6) in base 10?
197
Convert -5 (base 10) to base 13.
-5
0 (base 15) to base 3
0
-100 (base 15) to base 13
-144
155 (base 9) to base 11
10a
What is 10000011 (base 2) in base 3?
11212
What is -11 (base 2) in base 13?
-3
Convert 3 (base 15) to base 4.
3
-63 (base 14) to base 6
-223
Convert -33 (base 15) to base 16.
-30
What is -20 (base 3) in base 11?
-6
What is 51 (base 11) in base 8?
70
What is c (base 13) in base 9?
13
Convert -100 (base 2) to base 5.
-4
Convert 10010 (base 3) to base 11.
77
What is -14 (base 16) in base 13?
-17
What is -12 (base 6) in base 7?
-11
Convert 7 (base 15) to base 14.
7
Convert 0 (base 5) to base 13.
0
Convert -5 (base 11) to base 7.
-5
81 (base 9) to base 16
49
What is 1 (base 13) in base 10?
1
What is -275 (base 10) in base 14?
-159
1 (base 14) to base 12
1
What is -9 (base 12) in base 5?
-14
What is -12 (base 9) in base 3?
-102
Convert -102 (base 4) to base 7.
-24
Convert 33 (base 6) to base 2.
10101
Convert 2110 (base 3) to base 15.
46
Convert 42 (base 11) to base 5.
141
Convert 11100 (base 2) to base 12.
24
Convert -213 (base 4) to base 15.
-29
Convert 9 (base 16) to base 11.
9
-3 (base 6) to base 7
-3
What is 3 (base 4) in base 7?
3
-331 (base 4) to base 15
-41
Convert 1 (base 13) to base 15.
1
Convert -33 (base 5) to base 8.
-22
110 (base 7) to base 2
111000
1101 (base 2) to base 9
14
Convert 25 (base 16) to base 11.
34
What is -1235 (base 6) in base 5?
-2221
Convert 6 (base 10) to base 2.
110
82 (base 16) to base 11
109
Convert 24 (base 5) to base 14.
10
What is -3 (base 15) in base 6?
-3
-20 (base 4) to base 9
-8
2b (base 16) to base 2
101011
Convert -1011100 (base 2) to base 10.
-92
121 (base 16) to base 14
169
Convert 1 (base 11) to base 4.
1
Convert 32 (base 8) to base 14.
1c
What is 32 (base 7) in base 16?
17
Convert 5 (base 9) to base 4.
11
What is -3 (base 11) in base 14?
-3
6 (base 8) to base 4
12
Convert 7 (base 8) to base 14.
7
What is -2 (base 16) in base 14?
-2
8 (base 11) to base 10
8
What is 322 (base 6) in base 2?
1111010
Convert 13 (base 7) to base 16.
a
What is -2 (base 12) in base 3?
-2
What is -1 (base 10) in base 14?
-1
What is 141 (base 5) in base 3?
1201
2 (base 16) to base 13
2
What is -2 (base 11) in base 2?
-10
Convert 40 (base 9) to base 6.
100
Convert 53 (base 7) to base 6.
102
What is 130 (base 8) in base 5?
323
19 (base 10) to base 14
15
What is -25 (base 16) in base 13?
-2b
-1001000 (base 2) to base 12
-60
What is -2 (base 10) in base 15?
-2
Convert 4 (base 5) to base 16.
4
Convert 274 (base 8) to base 16.
bc
What is -1040 (base 5) in base 3?
-12101
Convert 5b (base 14) to base 13.
63
What is -3a (base 13) in base 14?
-37
Convert -7 (base 14) to base 13.
-7
What is 3a (base 16) in base 3?
2011
-5 (base 7) to base 4
-11
Convert 0 (base 8) to base 13.
0
What is 40 (base 8) in base 15?
22
Convert -1100111 (base 2) to base 3.
-10211
-67 (base 10) to base 4
-1003
-9 (base 11) to base 9
-10
17 (base 8) to base 5
30
What is -2024 (base 5) in base 4?
-10020
-7 (base 11) to base 3
-21
Convert 0 (base 4) to base 5.
0
What is 3b (base 14) in base 4?
311
Convert 76 (base 14) to base 6.
252
-10212 (base 3) to base 11
-95
Convert -3 (base 4) to base 12.
-3
1441 (base 5) to base 6
1050
What is 7 (base 8) in base 15?
7
-2a (base 13) to base 3
-1100
What is 4d (base 15) in base 13?
58
Convert 2 (base 7) to base 4.
2
What is -22 (base 5) in base 2?
-1100
75 (base 12) to base 2
1011001
Convert -110 (base 2) to base 7.
-6
0 (base 10) to base 15
0
Convert 1 (base 8) to base 9.
1
-20 (base 9) to base 10
-18
-100 (base 2) to base 11
-4
Convert 4 (base 12) to base 10.
4
-3 (base 14) to base 3
-10
What is 95 (base 12) in base 15?
78
113 (base 12) to base 15
a9
What is 26 (base 10) in base 9?
28
-1 (base 15) to base 4
-1
Convert -1134 (base 5) to base 8.
-251
What is 22 (base 3) in base 13?
8
-82 (base 10) to base 2
-1010010
Convert -210 (base 4) to base 3.
-1100
Convert -33 (base 13) to base 11.
-39
Convert -8 (base 15) to base 7.
-11
Convert -25 (base 7) to base 5.
-34
-2 (base 9) to base 15
-2
-71 (base 11) to base 7
-141
Convert -2211 (base 3) to base 2.
-1001100
200 (base 3) to base 16
12
Convert -3 (base 12) to base 4.
-3
What is 8 (base 9) in base 14?
8
Convert 7 (base 10) to base 8.
7
-3 (base 9) to base 16
-3
Convert -1011 (base 2) to base 4.
-23
102200 (base 3) to base 11
267
Convert -1012 (base 3) to base 8.
-40
What is -5 (base 7) in base 4?
-11
Convert 5a (base 11) to base 8.
101
Convert 0 (base 7) to base 11.
0
What is -5 (base 13) in base 8?
-5
Convert 2 (base 11) to base 4.
2
What is -5 (base 9) in base 5?
-10
What is 1 (base 14) in base 16?
1
What is 10 (base 11) in base 2?
1011
What is -2 (base 4) in base 5?
-2
Convert -bb (base 12) to base 2.
-10001111
Convert -35 (base 12) to base 5.
-131
Convert 1303 (base 4) to base 6.
311
What is 35 (base 6) in base 9?
25
What is -3 (base 5) in base 10?
-3
3 (base 9) to base 12
3
What is -4 (base 10) in base 11?
-4
What is 2 (base 7) in base 9?
2
-2 (base 3) to base 6
-2
Convert 5 (base 8) to base 3.
12
Convert 3020 (base 4) to base 11.
172
-104 (base 5) to base 14
-21
What is -1010 (base 2) in base 15?
-a
-a4 (base 13) to base 15
-8e
-76 (base 13) to base 16
-61
-6 (base 15) to base 5
-11
1 (base 11) to base 8
1
What is 75 (base 12) in base 16?
59
20 (base 5) to base 7
13
3 (base 7) to base 10
3
What is 2 (base 10) in base 4?
2
12 (base 5) to base 7
10
a (base 15) to base 4
22
What is 138 (base 16) in base 3?
102120
Co